{"id":8,"date":"2020-09-14T17:28:50","date_gmt":"2020-09-14T15:28:50","guid":{"rendered":"http:\/\/orchestraconsulting.fr\/?page_id=8"},"modified":"2026-01-11T06:38:52","modified_gmt":"2026-01-11T05:38:52","slug":"accueil","status":"publish","type":"page","link":"https:\/\/orchestraconsulting.fr\/","title":{"rendered":"Accueil"},"content":{"rendered":"\n<p><strong>H1 :<\/strong><\/p>\n\n\n\n<p>D\u00e9pannage informatique \u00e0 domicile \u00e0 Bagnols-sur-C\u00e8ze<\/p>\n\n\n\n<p><strong>Sous-titre :<\/strong><\/p>\n\n\n\n<p>Diagnostic clair, explications simples, prix annonc\u00e9s \u00e0 l\u2019avance.<\/p>\n\n\n\n<p><strong>Boutons :<\/strong><\/p>\n\n\n\n<p>\ud83d\udcde Appeler<\/p>\n\n\n\n<p>\ud83d\udcac WhatsApp<\/p>\n\n\n\n<p><\/p>\n","protected":false},"excerpt":{"rendered":"<p>H1 : D\u00e9pannage informatique \u00e0 domicile \u00e0 Bagnols-sur-C\u00e8ze Sous-titre : Diagnostic clair, explications simples, prix annonc\u00e9s \u00e0 l\u2019avance. Boutons : \ud83d\udcde Appeler \ud83d\udcac WhatsApp<\/p>\n","protected":false},"author":1,"featured_media":0,"parent":36,"menu_order":0,"comment_status":"closed","ping_status":"closed","template":"","meta":{"footnotes":""},"class_list":["post-8","page","type-page","status-publish","hentry"],"_links":{"self":[{"href":"https:\/\/orchestraconsulting.fr\/index.php\/wp-json\/wp\/v2\/pages\/8","targetHints":{"allow":["GET"]}}],"collection":[{"href":"https:\/\/orchestraconsulting.fr\/index.php\/wp-json\/wp\/v2\/pages"}],"about":[{"href":"https:\/\/orchestraconsulting.fr\/index.php\/wp-json\/wp\/v2\/types\/page"}],"author":[{"embeddable":true,"href":"https:\/\/orchestraconsulting.fr\/index.php\/wp-json\/wp\/v2\/users\/1"}],"replies":[{"embeddable":true,"href":"https:\/\/orchestraconsulting.fr\/index.php\/wp-json\/wp\/v2\/comments?post=8"}],"version-history":[{"count":3,"href":"https:\/\/orchestraconsulting.fr\/index.php\/wp-json\/wp\/v2\/pages\/8\/revisions"}],"predecessor-version":[{"id":112,"href":"https:\/\/orchestraconsulting.fr\/index.php\/wp-json\/wp\/v2\/pages\/8\/revisions\/112"}],"up":[{"embeddable":true,"href":"https:\/\/orchestraconsulting.fr\/index.php\/wp-json\/wp\/v2\/pages\/36"}],"wp:attachment":[{"href":"https:\/\/orchestraconsulting.fr\/index.php\/wp-json\/wp\/v2\/media?parent=8"}],"curies":[{"name":"wp","href":"https:\/\/api.w.org\/{rel}","templated":true}]}}